ose t = -12*m + 17*m - 650. What is the highest common factor of 78 and m?
26
Let g(t) = 14*t - 69. Let i be g(12). Suppose 10*x - 292 = 38. What is the greatest common factor of x and i?
33
Suppose -5*r + 2*o - 20 = 0, 7*r + 31 = 4*r + 5*o. Let p be ((-2)/((-16)/60))/(r/(-28)). Calculate the highest common factor of 70 and p.
35
Suppose 4*k + 5*r + 248 = 0, -3*k - 3*r = r + 185. Let y = k - -97. Suppose 3*g + 28 = 2*w, 0 - 36 = -w - 4*g. What is the highest common divisor of w and y?
10
Let m(j) = 104*j - 2610. Let h be m(45). What is the greatest common divisor of h and 23?
23
Suppose 5*s - d = 154, -d - 132 = -4*s + 2*d. Let x(y) = 55 + 3*y - 97 + 50 - 25*y. Let c be x(-1). Calculate the highest common factor of c and s.
30
Suppose -p + 13 = -36. Let x(t) = t**2 - 2*t - 11. Let l be x(-11). Suppose y = l + 15. Calculate the greatest common divisor of p and y.
49
Let t be 6 + (-11)/11*4. Let m be 2/(-5) - (-54)/10. Suppose -10*o + m*o = -z - 97, -t*z + 6 = 0. What is the highest common divisor of 8 and o?
4
Let f be (527 - 3)/(60/840). What is the greatest common divisor of f and 112?
56
Suppose -60*g + 65*g + 2432 = 2*v, 4*g - 4752 = -4*v. What is the highest common divisor of 368 and v?
92
Suppose -5 = 2*z + 3*n, -5*z + n = -z - 11. Let a = z + 7. Suppose 0 = 4*w + 5*f - 55, a = 4*f - f. What is the highest common divisor of w and 1?
1
Let j(o) = -o**2 + 49*o - 259. Let n be j(27). Calculate the greatest common factor of n and 871.
67
Let q be ((-30)/7)/(1/(-84)). Let h be (0/1)/((-108)/12 + 6 + -1). Suppose h = 8*a + a - q. Calculate the greatest common divisor of 440 and a.
40
Suppose 4*r - 5 - 15 = 0. Suppose 2*s - 3*q - 123 + 34 = 0, -4*s + 145 = 5*q. Suppose 4*n - 5*n = -s. Calculate the greatest common factor of r and n.
5
Let b(k) = -16 + 14 - 12*k + 0*k**2 - 3*k**3 - 3*k**2 + 2*k**3. Let z be b(-5). Let i be 9*(-9)/(18/(-16)). Calculate the greatest common divisor of z and i.
36
Let o be -2 - (1 + 51 - 2). Let c = o + 55. Let r be 110/6*(15 - c). What is the greatest common divisor of 20 and r?
20
Suppose -59*k + 72*k - 262080 = -78*k. What is the greatest common divisor of k and 40?
40
Suppose 203*z - 9 = -782 + 4630. What is the greatest common factor of 2052 and z?
19
Let q = 27 + -34. Let k = 39 + q. Let p be 2/(-7) - 174/(-21). Calculate the highest common divisor of k and p.
8
Suppose -c + r + 7 = 0, -4 - 57 = -7*c + r. What is the highest common factor of 243 and c?
9
Let m(h) = -h**3 + 2*h**2 - 13*h - 22. Suppose -2*x = -5*v + 18, 23*x - 20*x = v - 14. Let y be m(x). Calculate the greatest common factor of y and 54.
18
Let s = 8430 - 1735. What is the highest common factor of 206 and s?
103
Let j = 148 + -130. Suppose 340 = 13*b - 3404. What is the highest common divisor of b and j?
18
Suppose -5*f - 530 = -s, 2*s - 670 = -5*f + 465. Calculate the greatest common factor of 30 and s.
15
Let x(s) = 26*s + 482. Let r be x(-17). What is the highest common factor of 4140 and r?
20
Let y(g) = -21*g - 61. Let q(i) = 11*i + 30. Let w(u) = 11*q(u) + 6*y(u). Let b be w(-16). Calculate the highest common factor of 176 and b.
44
Let g be (-28 - (-11487)/84)/((-5)/(-24)). What is the greatest common factor of 348 and g?
174
Let r be (8/24)/((-1)/(-111)). Let u = r + -35. Suppose -3*q + 249 = i, -u*q - 5*i = -4*q + 183. Calculate the greatest common divisor of q and 12.
12
Let r be 55/20*(-700)/(0 + -7). Calculate the greatest common divisor of 1485 and r.
55
Let k be ((-302)/453)/(1*(-1)/120). What is the greatest common factor of k and 160?
80
Let o be -3*(-2)/6 - -3. Suppose 1029 = 28*d + 189. Suppose d = 3*v - o*r, 3*v + 5*r = 7*r + 30. What is the highest common divisor of v and 35?
5
Suppose 3*x = -4*g + 505, 2*g - 395 = -2*x - 61. Calculate the greatest common factor of 163 and x.
163
Suppose -234*c + 4734 - 288 = 0. Let r = 2 + 10. Suppose -5*y = -v + r, 184 = 5*v - 4*y + c. What is the highest common divisor of v and 333?
37
Suppose -3075*a + 3134*a = 1416. Let y = -104 + 224. What is the greatest common divisor of y and a?
24
Let w(s) = -2*s**3 - 32*s**2 - 32*s + 63. Let j be w(-15). What is the highest common factor of 21111 and j?
93
Let p = -1869 - -1937. Calculate the greatest common divisor of p and 6732.
68
Suppose -3*f = 18 - 0. Let x(p) = -3*p**2 - 20*p - 6. Let j be x(f). Let g = -8 + 12. What is the greatest common divisor of g and j?
2
Let k = 708 + -716. Let q be 370/45 + k + 511/9. What is the greatest common factor of q and 3?
3
Suppose 25*k = -418 + 443. Calculate the highest common factor of 121 and k.
1
Suppose -2*i + 3*z + 65 = 0, -160 = -12*i + 7*i + 5*z. Suppose 39*j = i*j + 696. What is the highest common divisor of j and 203?
29
Let n(j) = -3*j**2 + 121*j + 362. Let k be n(42). Calculate the greatest common factor of k and 893.
19
Let f(p) = 22*p**2 - 13*p + 1. Let l be f(3). Suppose 3*j = -3*o + 63, -5*o - j + 37 = -3*o. What is the greatest common factor of l and o?
16
Suppose -q + 3*p = -2*p, -2*p - 2 = 0. Let o(x) = -x**2 - 10*x - 7. Let s be o(q). Let l = -71 + 77. What is the highest common divisor of s and l?
6
Let c(i) = 37*i + 2526. Let d be c(-33). What is the highest common divisor of 135 and d?
45
Let m be 8/(-12)*(((-50310)/12 - 0) + -6). Calculate the greatest common divisor of m and 9.
9
Suppose 3*k + 46 = 196. Suppose -b + 3*n - 126 = -4*b, -b + k = 5*n. Let g be ((-18)/(-8))/(5/b). Calculate the highest common factor of g and 6.
6
Let t(s) = -817*s + 64. Let l be t(-3). Suppose 15*z - l = 290. What is the highest common divisor of 22 and z?
11
Let u(c) = c - 9. Let w be u(15). Let k = -110 - -120. Calculate the highest common divisor of k and w.
2
Suppose 24 = a + 5*a. Suppose 86 = -a*f + 282. Suppose 3*s - f = -m, -2*s + 38 - 4 = 2*m. What is the greatest common factor of s and 64?
16
Let f = 6 + 48. Let w = -32847 - -32901. Calculate the highest common factor of w and f.
54
Suppose 2*l + l = 2*a, 2*l = -5*a. Suppose 3*d - 57 = -a*d. What is the highest common factor of 38 and d?
19
Let f(d) = -d**3 + 10*d**2 - 53*d + 586. Let t be f(10). What is the highest common factor of 2744 and t?
56
Let v be (-2 - 12/10)*-5. Let q = -13059 - -13171. Calculate the highest common divisor of v and q.
16
Let x = -4191 + 4207. What is the highest common divisor of 944 and x?
16
Suppose 0 = -2*p - 4*b + 72, -2*b = -2*p + 50 + 34. Suppose 0 = 32*g - 30*g - p. What is the greatest common divisor of 6 and g?
2
Let f(v) = 250*v**2 - 6*v + 74. Let w be f(-5). Calculate the greatest common divisor of w and 18.
18
Suppose 11036 = a + 3920. Calculate the highest common divisor of a and 12.
12
Suppose 2*t = 2*k + 4*t - 82, -2*k + 52 = -4*t. Let u be (28/(-21))/(-4) + 7/((-63)/(-78)). What is the greatest common factor of k and u?
9
Let i(m) = 30*m**2 - 873*m + 111. Let v be i(29). Suppose 0*r + r - 108 = 0. What is the highest common divisor of v and r?
12
Let b be 60/7*(6 - (-117)/26). Calculate the greatest common divisor of 2655 and b.
45
Let k = -4483 - -4497. What is the greatest common divisor of 2506 and k?
14
Let v be (6/(-4))/(2/(-184)). Let q = -6297 + 6305. Suppose -v = -10*c - q. What is the greatest common divisor of c and 13?
13
Suppose y + 12 = 5*y. Let b = -19 + 44. Suppose 60 = 29*u - b*u. Calculate the greatest common factor of u and y.
3
Let s = -19 + 47. Suppose d + z = -13, -6*d - 57 = -d + 3*z. Let t be (14*(-3)/(-18))/((-3)/d). Calculate the greatest common factor of t and s.
7
Let i = -3037 - -3212. Calculate the highest common factor of 250 and i.
25
Suppose h - 78 = -76. Suppose -h*d = p - 7 - 8, d = -4*p + 18. Let z be (-335)/(-15) - 2/d. What is the greatest common factor of 55 and z?
11
Suppose 3*i - 42 = -4*i. Suppose -i - 9 = -3*f. Suppose -f = -w, 2*v - 27 = -2*w - w. Calculate the greatest common divisor of 72 and v.
6
Let n(v) = -4*v + 2. Let m be n(11). Let i = 39 + m. Let l be 1/(3/24) + i. Calculate the greatest common factor of l and 10.
5
Suppose -21*y = -30209 + 6453 - 2137. Calculate the greatest common factor of y and 18.
9
Suppose -2208 = 34*a - 11*a. Suppose 2*j = -2*j + 780. Let p = a + j. Calculate the highest common factor of 9 and p.
9
Suppose -5*v + 30 = -0. Let g(o) = 56*o**2 + 3*o - 1. Let u be g(1). Suppose 204 = 5*r + 2*f, 5*r + 5*f = 253 - u. What is the 